n base 12?
-191
Convert 4137 (base 10) to base 12.
2489
What is 21234 (base 6) in base 5?
43102
What is -1da (base 15) in base 16?
-1ae
-111110011 (base 2) to base 9
-614
What is -4215 (base 14) in base 7?
-45125
What is -137516 (base 8) in base 5?
-3031344
Convert 18067 (base 9) to base 12.
725a
Convert 30424 (base 6) to base 16.
fd0
208 (base 9) to base 2
10101010
-222210 (base 3) to base 11
-5a8
-12c3 (base 13) to base 7
-10566
Convert 788 (base 9) to base 3.
212222
What is 61 (base 7) in base 14?
31
What is 960d (base 15) in base 9?
47474
-c07 (base 13) to base 10
-2035
101100101 (base 3) to base 13
3583
What is -1c2b (base 13) in base 2?
-1000010100110
What is -2b9 (base 13) in base 9?
-604
17731 (base 10) to base 16
4543
-453 (base 11) to base 13
-329
What is -1004213 (base 5) in base 10?
-16183
What is 8117 (base 12) in base 14?
5151
Convert -1130203 (base 4) to base 11.
-44a5
Convert 10210 (base 5) to base 12.
488
Convert 222 (base 9) to base 16.
b6
Convert 70fd (base 16) to base 8.
70375
Convert 549 (base 10) to base 2.
1000100101
50c6 (base 15) to base 2
100001010100101
Convert -110110220 (base 3) to base 10.
-9096
604 (base 15) to base 10
1354
Convert -111301 (base 6) to base 11.
-7073
What is 13103 (base 4) in base 8?
723
-132654 (base 9) to base 15
-18dba
Convert -167 (base 12) to base 5.
-1343
What is -10001101100001 (base 2) in base 13?
-4179
Convert -484 (base 12) to base 11.
-565
-111011101101 (base 2) to base 15
-11eb
What is 5706 (base 10) in base 12?
3376
What is -45 (base 13) in base 9?
-63
Convert -22210 (base 3) to base 7.
-456
Convert 71a (base 11) to base 14.
460
Convert 1208c (base 14) to base 6.
535500
-18188 (base 12) to base 16
-87f8
Convert 14456 (base 8) to base 12.
3892
What is a687 (base 12) in base 10?
18247
Convert -34018 (base 9) to base 10.
-22616
What is -11163 (base 10) in base 4?
-2232123
Convert 10020001110 (base 3) to base 16.
f7e6
What is 701 (base 14) in base 7?
4001
Convert -110443 (base 5) to base 16.
-f21
Convert -13001113 (base 4) to base 13.
-10123
Convert 12444 (base 9) to base 7.
33304
33103 (base 7) to base 2
10000001011100
Convert 50364 (base 7) to base 13.
5724
Convert -1121110 (base 3) to base 16.
-495
-12451 (base 8) to base 4
-1110221
111111010100 (base 2) to base 8
7724
What is 4512 (base 11) in base 13?
2921
Convert 23786 (base 10) to base 6.
302042
Convert 24b (base 14) to base 15.
209
What is 23 (base 4) in base 13?
b
What is 5243 (base 6) in base 7?
3303
What is -11e (base 16) in base 4?
-10132
What is -1148 (base 12) in base 14?
-9ba
What is 3d86 (base 14) in base 12?
6382
Convert 5e1 (base 15) to base 12.
934
Convert 21402 (base 5) to base 13.
898
What is 24710 (base 8) in base 11?
8044
65776 (base 9) to base 8
125177
Convert 8a36 (base 13) to base 12.
b213
What is 2363 (base 8) in base 10?
1267
29a (base 13) to base 12
329
-32121312 (base 4) to base 6
-1133050
-e94 (base 16) to base 12
-21b0
Convert 22306 (base 7) to base 8.
13011
What is -7aa7 (base 16) in base 4?
-13222213
What is 2112030 (base 4) in base 15?
2cac
Convert 1310112 (base 4) to base 10.
7446
What is 1314121 (base 5) in base 10?
26161
What is 403 (base 6) in base 12?
103
Convert da (base 16) to base 9.
262
What is -200331 (base 4) in base 16?
-83d
Convert 668 (base 14) to base 3.
1201222
5e0 (base 15) to base 8
2467
-43101 (base 5) to base 3
-10222110
-2761 (base 10) to base 3
-10210021
What is 3a94 (base 11) in base 8?
12272
-ea3 (base 16) to base 13
-1923
What is 10110010110011 (base 2) in base 9?
16624
What is -37b (base 16) in base 2?
-1101111011
What is -1442 (base 8) in base 13?
-499
-8c48 (base 13) to base 11
-13857
Convert 76b (base 14) to base 5.
21332
What is 231103 (base 4) in base 6?
21231
8461 (base 10) to base 15
2791
Convert -21032 (base 5) to base 7.
-4026
Convert -3059 (base 12) to base 16.
-1485
What is 1033 (base 5) in base 3?
12022
-212202 (base 3) to base 2
-1010000001
202435 (base 6) to base 11
11153
What is 386b (base 12) in base 16?
1913
What is -2161 (base 16) in base 7?
-33625
What is 6100 (base 8) in base 14?
1200
Convert 11001001000001 (base 2) to base 3.
122122111
What is -131241 (base 6) in base 15?
-3837
Convert 30 (base 11) to base 4.
201
Convert 1220 (base 3) to base 13.
3c
What is -4022 (base 5) in base 13?
-305
-708 (base 9) to base 4
-20333
Convert -101001111110 (base 2) to base 4.
-221332
93 (base 11) to base 6
250
-276 (base 13) to base 12
-303
-10011000010100 (base 2) to base 6
-113044
What is 271 (base 16) in base 15?
2ba
What is 2c1 (base 15) in base 12?
447
What is 22333 (base 4) in base 6?
3131
Convert 7918 (base 11) to base 3.
112022010
What is 70a (base 11) in base 10?
857
What is -313212 (base 4) in base 14?
-1422
Convert 52332 (base 6) to base 2.
1101110000000
-33518 (base 10) to base 15
-9de8
What is 11826 (base 10) in base 2?
10111000110010
Convert -9953 (base 15) to base 13.
-11a24
55eb (base 15) to base 11
12765
30321 (base 6) to base 4
332221
What is 44742 (base 8) in base 14?
6c70
What is -23110 (base 4) in base 14?
-39a
7336 (base 10) to base 12
42b4
Convert -2102101 (base 4) to base 9.
-13751
110235 (base 6) to base 14
34ab
-10514 (base 7) to base 13
-1295
Convert 20902 (base 11) to base 6.
352341
29925 (base 10) to base 13
1080c
36510 (base 7) to base 12
5609
What is -102003 (base 4) in base 2?
-10010000011
-53432 (base 7) to base 3
-200011212
11222212 (base 3) to base 9
4885
Convert -2100201 (base 4) to base 9.
-13616
What is -10233 (base 5) in base 2?
-1010110101
-2644 (base 8) to base 3
-1222111
What is 14041 (base 5) in base 10?
1146
What is 6fb (base 16) in base 6?
12135
Convert -15698 (base 10) to base 11.
-10881
Convert 3021 (base 6) to base 12.
471
-1415 (base 7) to base 2
-1000100111
-357a (base 15) to base 11
-85a2
Convert -9d92 (base 15) to base 8.
-101235
-4904 (base 11) to base 2
-1100100010001
What is 135133 (base 7) in base 4?
12103012
Convert -44 (base 8) to base 5.
-121
What is -100111 (base 3) in base 8?
-400
What is b6b (base 14) in base 9?
3071
What is -169 (base 10) in base 14?
-c1
What is 2112110221 (base 3) in base 7?
265354
What is 1bb6 (base 15) in base 2?
1011110000101
What is -21001 (base 4) in base 7?
-1453
What is 143123 (base 5) in base 7?
23414
-44534 (base 8) to base 15
-5870
f64 (base 16) to base 10
3940
What is 39b5 (base 14) in base 10?
10155
What is 7252 (base 9) in base 5?
132222
What is 23447 (base 9) in base 8?
36474
-303302 (base 6) to base 14
-8ac6
Convert -152432 (base 6) to base 8.
-35004
Convert 21541 (base 7) to base 5.
133134
-210103 (base 4) to base 14
-bbd
-134 (base 16) to base 13
-1a9
-1232150 (base 6) to base 7
-365103
What is 21322101 (base 4) in base 7?
226230
-526 (base 15) to base 9
-1530
What is -32068 (base 11) in base 9?
-71003
-1101111101001 (base 2) to base 9
-10718
Convert 2212232 (base 5) to base 6.
453550
1010220 (base 3) to base 2
1101000010
Convert 2121 (base 5) to base 11.
240
110221210 (base 3) to base 4
2103210
What is 777 (base 8) in base 3?
200221
-d (base 14) to base 7
-16
-137a6 (base 11) to base 2
-100110010001101
What is -21223231 (base 4) in base 3?
-2000101221
-1010011111 (base 2) to base 3
-220212
Convert 1011202202 (base 3) to base 15.
6cde
What is -58854 (base 9) in base 7?
-222451
What is -741 (base 8) in base 10?
-481
-657 (base 9) to base 4
-20122
What is -2256 (base 9) in base 15?
-766
What is 41555 (base 6) in base 14?
2091
20201030 (base 4) to base 15
a512
3111 (base 5) to base 14
210
13112332 (base 4) to base 5
1431032
Convert 110111001101 (base 2) to base 11.
2722
Convert -223 (base 9) to base 3.
-20210
What is -15806 (base 10) in base 14?
-5a90
-39c (base 14) to base 15
-336
Convert -1821 (base 14) to base 15.
-1446
13486 (base 12) to base 10
26598
What is 10c7 (base 16) in base 8?
10307
303025 (base 6) to base 8
56671
What is -1210124 (base 5) in base 9?
-33823
-8a8 (base 13) to base 8
-2722
What is -313121 (base 4) in base 16?
-dd9
-688 (base 9) to base 14
-2c6
What is 8144 (base 9) in base 13?
292c
Convert 101320 (base 4) to base 9.
1511
120201201 (base 3) to base 2
10110011001011
-11000 (base 3) to base 6
-300
-11010101010 (base 2) to base 6
-11522
What is -49 (base 11) in base 6?
-125
-101110100 (base 2) to base 8
-564
1b1 (base 16) to base 4
12301
What is -212101